{"id":942,"date":"2026-03-14T15:31:01","date_gmt":"2026-03-14T14:31:01","guid":{"rendered":"https:\/\/www.lebelage.fr\/?page_id=942"},"modified":"2026-03-14T15:55:23","modified_gmt":"2026-03-14T14:55:23","slug":"secret-medical-au-theatre-st-georges-le-2-mai-2026-a-16h","status":"publish","type":"page","link":"https:\/\/www.lebelage.fr\/index.php\/secret-medical-au-theatre-st-georges-le-2-mai-2026-a-16h\/","title":{"rendered":"\u00ab\u00a0Secret M\u00e9dical\u00a0\u00bb au Th\u00e9\u00e2tre St-Georges le 2 Mai 2026"},"content":{"rendered":"<p><strong>Bonjour \u00e0 tous<\/strong><\/p>\n<p style=\"text-align: justify;\"><strong>Le choix de cette pi\u00e8ce devrait vous int\u00e9resser. L&rsquo;action se passe en pleine \u00e9lection \u00e9lectorale, 4 amis anciens de la\u00a0fac de m\u00e9decine se retrouvent dans leur restaurant favori et l&rsquo;un d&rsquo;eux r\u00e9v\u00e8le qu&rsquo;un de ses patients est en\u00a0 lice pour la pr\u00e9sidentielle. Les secrets se d\u00e9voilent : faut-il briser le secret professionnel pour le bien commun ?\u00a0 Attendez-vous \u00e0 un d\u00eener explosif et surtout&#8230;hilarant. avec Michel Cymes&#8230;et mise en sc\u00e8ne de Ph.Leli\u00e8vre.<\/strong><\/p>\n<p><strong>Par les transports en commun, nous nous retrouverons au th\u00e9\u00e2tre St-Georges, au 51 rue St-Georges paris (9\u00e8me) \u00e0 proximit\u00e9 (15 mn \u00e0 pied) de la Gare St-Lazare (ou m\u00e9tro St-Georges). <span style=\"color: #008000;\">titre \u00ab\u00a0Secret M\u00e9dical\u00a0\u00bb s\u00e9ance \u00e0 16h le samedi 2 Mai 2026. Le prix (co\u00fbtant) est de 33 \u20ac.<\/span> <\/strong><\/p>\n<p><strong>Si vous d\u00e9sirez vous inscrire, envoyer\u00a0d\u00e8s que possible <span style=\"color: #0000ff;\">avant le 28 Mars\u00a0votre ch\u00e8que de 33 \u20ac<\/span> avec le titre de la pi\u00e8ce au dos, avec le bulletin d&rsquo;inscription \u00e0 l&rsquo;adresse Le Bel Age (sans nom) 8 rue Gu\u00e9rin Drouet 95120 Ermont ou le mettre dans la bo\u00eete aux lettres ou le remettre \u00e0 Michel Duc.<\/strong><\/p>\n<p><strong>Nous vous donnerons plus tard les horaires de rendez-vous et, pour les personnes d\u00e9sirant y aller group\u00e9es, je leur donnerai rendez-vous \u00e0 la gare d&rsquo;Ermont-Eaubonne comme d&rsquo;habitude.<\/strong><\/p>\n<p><strong>Pour de plus amples renseignements, vous pouvez m&rsquo;appeler au 06 49 89 38 53.<\/strong><\/p>\n<p><strong>La dur\u00e9e de cette pi\u00e8ce est d&rsquo;1h 1\/2. J&rsquo;esp\u00e8re qu&rsquo;elle tiendra ses promesses et que nous rirons beaucoup&#8230;<\/strong><\/p>\n<p><strong>Au plaisir de vous retrouver bient\u00f4t.<\/strong><\/p>\n<p><strong>Bien amicalement<\/strong><\/p>\n<p><strong>Fran\u00e7oise Leclercq\u00a0<\/strong><\/p>\n<p><a href=\"https:\/\/www.lebelage.fr\/wp-content\/uploads\/2026\/03\/Bulletin-Inscription-Sorties-en-PDF.pdf\" target=\"_blank\" rel=\"noopener\"><strong>T\u00e9l\u00e9charger le bulletin d&rsquo;inscription<\/strong><\/a><\/p>\n","protected":false},"excerpt":{"rendered":"<p>Bonjour \u00e0 tous Le choix de cette pi\u00e8ce devrait vous int\u00e9resser. L&rsquo;action se passe en pleine \u00e9lection \u00e9lectorale, 4 amis anciens de la\u00a0fac de m\u00e9decine se retrouvent dans leur restaurant favori et l&rsquo;un d&rsquo;eux r\u00e9v\u00e8le qu&rsquo;un de ses patients est&#8230; <a href=\"https:\/\/www.lebelage.fr\/index.php\/secret-medical-au-theatre-st-georges-le-2-mai-2026-a-16h\/\" class=\"readmore\">Read more<span class=\"screen-reader-text\">\u00ab\u00a0Secret M\u00e9dical\u00a0\u00bb au Th\u00e9\u00e2tre St-Georges le 2 Mai 2026<\/span><span class=\"fa fa-angle-double-right\" aria-hidden=\"true\"><\/span><\/a><\/p>\n","protected":false},"author":1,"featured_media":0,"parent":0,"menu_order":0,"comment_status":"closed","ping_status":"closed","template":"","meta":{"footnotes":""},"class_list":["post-942","page","type-page","status-publish","hentry"],"_links":{"self":[{"href":"https:\/\/www.lebelage.fr\/index.php\/wp-json\/wp\/v2\/pages\/942","targetHints":{"allow":["GET"]}}],"collection":[{"href":"https:\/\/www.lebelage.fr\/index.php\/wp-json\/wp\/v2\/pages"}],"about":[{"href":"https:\/\/www.lebelage.fr\/index.php\/wp-json\/wp\/v2\/types\/page"}],"author":[{"embeddable":true,"href":"https:\/\/www.lebelage.fr\/index.php\/wp-json\/wp\/v2\/users\/1"}],"replies":[{"embeddable":true,"href":"https:\/\/www.lebelage.fr\/index.php\/wp-json\/wp\/v2\/comments?post=942"}],"version-history":[{"count":4,"href":"https:\/\/www.lebelage.fr\/index.php\/wp-json\/wp\/v2\/pages\/942\/revisions"}],"predecessor-version":[{"id":947,"href":"https:\/\/www.lebelage.fr\/index.php\/wp-json\/wp\/v2\/pages\/942\/revisions\/947"}],"wp:attachment":[{"href":"https:\/\/www.lebelage.fr\/index.php\/wp-json\/wp\/v2\/media?parent=942"}],"curies":[{"name":"wp","href":"https:\/\/api.w.org\/{rel}","templated":true}]}}