{"id":13,"date":"2023-09-15T15:33:53","date_gmt":"2023-09-15T13:33:53","guid":{"rendered":"https:\/\/www.lebelage.fr\/?page_id=13"},"modified":"2026-04-07T15:07:45","modified_gmt":"2026-04-07T13:07:45","slug":"accueil","status":"publish","type":"page","link":"https:\/\/www.lebelage.fr\/","title":{"rendered":"ACCUEIL"},"content":{"rendered":"<p><span style=\"color: #0000ff;\"><strong>Suite \u00e0 la r\u00e9union du 30 mars concernant l&rsquo;atelier jeux de soci\u00e9t\u00e9 ; deux de nos adh\u00e9rents se sont propos\u00e9s afin de nous aider \u00e0 relancer cet atelier.<br \/>\n<\/strong><\/span><span style=\"color: #0000ff;\"><strong>Dans un premier temps nous vous proposons le vendredi apr\u00e8s-midi ;\u00a0 n&rsquo;h\u00e9sitez pas \u00e0 en parler autour de vous et de nous faire part de vos remarques et suggestions.<br \/>\nN<\/strong><\/span><span style=\"color: #0000ff;\"><strong><em>os coordonn\u00e9es<\/em> :<\/strong><\/span><span style=\"color: #0000ff;\"><strong><a style=\"color: #0000ff;\" href=\"mailto:francoise.leclercq2@orange.fr\" target=\"_blank\" rel=\"noopener\">francoise.leclercq2@orange.fr<\/a> \/ <a style=\"color: #0000ff;\" href=\"mailto:christian.carmene@orange.fr\/michelduc044@orange.fr\" target=\"_blank\" rel=\"noopener\">christian.carmene@orange.fr\/<wbr \/>michelduc044@orange.fr<\/a> \/ <a style=\"color: #0000ff;\" href=\"mailto:toigonadine@orange.fr\" target=\"_blank\" rel=\"noopener\">toigonadine@orange.fr<\/a><br \/>\n<\/strong><\/span><strong><span style=\"color: #0000ff;\">T\u00e9l\u00e9phone portable de Christian Carmen\u00e9\u00a0: 06.07.82.06.48<\/span><\/strong><\/p>\n<p><strong><span style=\"color: #993300;\">Suite \u00e0 l\u2019assembl\u00e9e g\u00e9n\u00e9rale du Bel \u00c2ge le 17 janvier,<\/span> le pr\u00e9sident Jacky Defradat n\u2019a pas souhait\u00e9 prolonger son mandat.<\/strong><\/p>\n<div><strong>Nous tenons \u00e0 remercier Jacky pour son engagement et son implication durant ces nombreuses ann\u00e9es afin d\u2019assurer le bon fonctionnement du club.<\/strong><\/div>\n<div><strong>Le conseil d\u2019administration s\u2019\u00e9tant r\u00e9uni un nouveau Bureau a \u00e9t\u00e9 nomm\u00e9 et se compose comme suit :<\/strong><\/div>\n<ul>\n<li><strong>Pr\u00e9sident Christian Carmen\u00e9<\/strong><\/li>\n<li><strong>Tr\u00e9sorier Michel Duc<\/strong><\/li>\n<li><strong>Secr\u00e9taire Fran\u00e7oise Leclercq<\/strong><\/li>\n<li><strong>Membre : Annie Lagarde<\/strong><\/li>\n<\/ul>\n<div><strong><strong>2 nouveaux m<\/strong><\/strong>Suite \u00e0 la r\u00e9union du 30 mars concernant l&rsquo;atelier jeux de soci\u00e9t\u00e9 ; deux de nos adh\u00e9rents se sont propos\u00e9s afin de nous aider \u00e0 relancer cet atelier.<\/p>\n<p>Dans un premier temps nous vous proposons le vendredi apr\u00e8s-midi ;\u00a0 n&rsquo;h\u00e9sitez pas \u00e0 en parler autour de vous et de nous faire part de vos remarques et suggestions.<\/p>\n<p><em>nos coordonn\u00e9es<\/em> :<\/p>\n<p><a href=\"mailto:francoise.leclercq2@orange.fr\" target=\"_blank\" rel=\"noopener\">francoise.leclercq2@orange.fr<\/a> \/ <a href=\"mailto:christian.carmene@orange.fr\/michelduc044@orange.fr\" target=\"_blank\" rel=\"noopener\">christian.carmene@orange.fr\/<wbr \/>michelduc044@orange.fr<\/a> \/ <a href=\"mailto:toigonadine@orange.fr\" target=\"_blank\" rel=\"noopener\">toigonadine@orange.fr<\/a><\/p>\n<p>T\u00e9l\u00e9phone portable de Christian Carmen\u00e9\u00a0: 06.07.82.06.48<\/p>\n<p><strong>embres coopt\u00e9s lors de la r\u00e9union du 3 f\u00e9vrier viennent compl\u00e9ter ce conseil d\u2019administration :<\/strong><\/div>\n<div><strong>Nadine To\u00eego et Jo\u00ebl Le Gal<\/strong><\/div>\n<div><strong>Nous continuerons le travail accompli envers les adh\u00e9rents et nous aurons plaisir \u00e0 d\u00e9velopper des projets et \u00e0 vous accompagner lors des sorties, balades, voyages etc<\/strong><\/div>\n<div><\/div>\n<style>#sp-ea-872 .spcollapsing { height: 0; overflow: hidden; transition-property: height;transition-duration: 300ms;}#sp-ea-872.sp-easy-accordion>.sp-ea-single {margin-bottom: 10px; border: 1px solid #e2e2e2; }#sp-ea-872.sp-easy-accordion>.sp-ea-single>.ea-header a {color: #bc7400;}#sp-ea-872.sp-easy-accordion>.sp-ea-single>.sp-collapse>.ea-body {background: #fff; color: #444;}#sp-ea-872.sp-easy-accordion>.sp-ea-single {background: #eee;}#sp-ea-872.sp-easy-accordion>.sp-ea-single>.ea-header a .ea-expand-icon { float: left; color: #444;font-size: 16px;}<\/style><div id=\"sp_easy_accordion-1760794224\"><div id=\"sp-ea-872\" class=\"sp-ea-one sp-easy-accordion\" data-ea-active=\"ea-click\" data-ea-mode=\"vertical\" data-preloader=\"\" data-scroll-active-item=\"\" data-offset-to-scroll=\"0\"><div class=\"ea-card sp-ea-single\"><h1 class=\"ea-header\"><a class=\"collapsed\" id=\"ea-header-8720\" role=\"button\" data-sptoggle=\"spcollapse\" data-sptarget=\"#collapse8720\" aria-controls=\"collapse8720\" href=\"#\" aria-expanded=\"false\" tabindex=\"0\"><i aria-hidden=\"true\" role=\"presentation\" class=\"ea-expand-icon eap-icon-ea-expand-plus\"><\/i> Sorties Spectacles \u00e0 Paris<\/a><\/h1><div class=\"sp-collapse spcollapse spcollapse\" id=\"collapse8720\" data-parent=\"#sp-ea-872\" role=\"region\" aria-labelledby=\"ea-header-8720\"> <div class=\"ea-body\"><div><h2 class=\"hP\" data-thread-perm-id=\"thread-f:1859401365870512334\" data-legacy-thread-id=\"19cdebb0d39688ce\"><strong><span style=\"font-size: 10pt\"><a href=\"https:\/\/www.lebelage.fr\/index.php\/secret-medical-au-theatre-st-georges-le-2-mai-2026-a-16h\/\">Pi\u00e8ce \"Secret M\u00e9dical\"<\/a> au Th\u00e9\u00e2tre St-Georges le 2 Mai 2026 \u00e0 16h - <span style=\"color: #ff0000\">33\u20ac<br \/><\/span><span style=\"color: #0000ff\"><a href=\"https:\/\/www.lebelage.fr\/index.php\/la-route-fleurie\/\" target=\"_blank\" rel=\"noopener\">Op\u00e9rette la route fleurie<\/a><\/span> Casino d'Enghien<span style=\"color: #ff0000\"> 32\u20ac<\/span><\/span><\/strong><\/h2><\/div><div id=\"sconnect-is-installed\">2.15.1.0<\/div><div id=\"sconnect-is-installed\">2.15.1.0<\/div><\/div><\/div><\/div><div class=\"ea-card sp-ea-single\"><h1 class=\"ea-header\"><a class=\"collapsed\" id=\"ea-header-8721\" role=\"button\" data-sptoggle=\"spcollapse\" data-sptarget=\"#collapse8721\" aria-controls=\"collapse8721\" href=\"#\" aria-expanded=\"false\" tabindex=\"0\"><i aria-hidden=\"true\" role=\"presentation\" class=\"ea-expand-icon eap-icon-ea-expand-plus\"><\/i> Visites de PARIS \u00e0 pied<\/a><\/h1><div class=\"sp-collapse spcollapse spcollapse\" id=\"collapse8721\" data-parent=\"#sp-ea-872\" role=\"region\" aria-labelledby=\"ea-header-8721\"> <div class=\"ea-body\"><p><strong><span style=\"color: #0000ff\">Vendredis 17 et 24 avril <\/span>dans les Passages Couverts de Paris.<\/strong><br \/><strong>Au d\u00e9part de l\u2019Arc de Triomphe St Denis pour arriver au Passage Verdeau.<\/strong><br \/><strong>Le parcours fait environ 7kms avec un arr\u00eat pique-nique aux Halles.<\/strong><\/p><p><strong><span style=\"color: #0000ff\">Jeudi 30 avril et le mardi 19 mai en apr\u00e8s-midi<\/span> le long du Canal St Martin.<\/strong><br \/><strong>Sur 4,5 kms en partant du bassin de l\u2019Arsenal, on arrive au bassin de la Villette.<\/strong><\/p><\/div><\/div><\/div><div class=\"ea-card sp-ea-single\"><h1 class=\"ea-header\"><a class=\"collapsed\" id=\"ea-header-8722\" role=\"button\" data-sptoggle=\"spcollapse\" data-sptarget=\"#collapse8722\" aria-controls=\"collapse8722\" href=\"#\" aria-expanded=\"false\" tabindex=\"0\"><i aria-hidden=\"true\" role=\"presentation\" class=\"ea-expand-icon eap-icon-ea-expand-plus\"><\/i> Randonn\u00e9e et restaurant \u00e0 Cormeilles<\/a><\/h1><div class=\"sp-collapse spcollapse spcollapse\" id=\"collapse8722\" data-parent=\"#sp-ea-872\" role=\"region\" aria-labelledby=\"ea-header-8722\"> <div class=\"ea-body\"><p><strong>Le 5 mai\u00a0<\/strong><\/p><p><strong>Randonn\u00e9e de 8km avec repas au restaurant \u00e0 Cormeilles<\/strong><\/p><p><span style=\"color: #ff0000\"><em>24\u20ac - Limit\u00e9 \u00e0 25 personnes<\/em><\/span><\/p><\/div><\/div><\/div><div class=\"ea-card sp-ea-single\"><h1 class=\"ea-header\"><a class=\"collapsed\" id=\"ea-header-8723\" role=\"button\" data-sptoggle=\"spcollapse\" data-sptarget=\"#collapse8723\" aria-controls=\"collapse8723\" href=\"#\" aria-expanded=\"false\" tabindex=\"0\"><i aria-hidden=\"true\" role=\"presentation\" class=\"ea-expand-icon eap-icon-ea-expand-plus\"><\/i> Escapade dans LE G\u00c2TINAIS<\/a><\/h1><div class=\"sp-collapse spcollapse spcollapse\" id=\"collapse8723\" data-parent=\"#sp-ea-872\" role=\"region\" aria-labelledby=\"ea-header-8723\"> <div class=\"ea-body\"><div id=\"sconnect-is-installed\"><div dir=\"\"><strong>Le Bel \u00c2ge vous propose une escapade en autocar de deux jours et une nuit, en G\u00e2tina<\/strong><strong>is<\/strong><\/div><div dir=\"\"><strong>\u00a0les 2 8 et 29 mai 2026,\u00a0<\/strong><\/div><div dir=\"\"><strong>Prix 355 euros (Chambre individuelle + 31,50 euros)<\/strong><\/div><div dir=\"ltr\"><\/div><\/div><div id=\"sconnect-is-installed\">2.15.1.0<\/div><\/div><\/div><\/div><div class=\"ea-card sp-ea-single\"><h1 class=\"ea-header\"><a class=\"collapsed\" id=\"ea-header-8724\" role=\"button\" data-sptoggle=\"spcollapse\" data-sptarget=\"#collapse8724\" aria-controls=\"collapse8724\" href=\"#\" aria-expanded=\"false\" tabindex=\"0\"><i aria-hidden=\"true\" role=\"presentation\" class=\"ea-expand-icon eap-icon-ea-expand-plus\"><\/i> Sejour au PAYS BASQUE<\/a><\/h1><div class=\"sp-collapse spcollapse spcollapse\" id=\"collapse8724\" data-parent=\"#sp-ea-872\" role=\"region\" aria-labelledby=\"ea-header-8724\"> <div class=\"ea-body\"><p><strong><span style=\"color: #0000ff\">S\u00e9jour de 8 Jours\/7 Nuits du 19 au 26 septembre 2026<\/span>, au Domaine de Fran\u00e7on, propri\u00e9t\u00e9 (avec un parc arbor\u00e9) g\u00e9r\u00e9e par VTF, au prix de\u00a0:<\/strong><\/p><p align=\"center\"><span style=\"color: #ff0000\"><b>1280 euros\/personne<\/b> en chambre partag\u00e9e<\/span><\/p><p align=\"center\"><span style=\"color: #ff0000\"><b>1335 euros\/personne<\/b> en chambre simple (nombre limit\u00e9)<\/span><\/p><div id=\"sconnect-is-installed\">2.15.1.0<\/div><\/div><\/div><\/div><\/div><\/div>\n<p>&nbsp;<\/p>\n<p>&nbsp;<\/p>\n<div id=\"sconnect-is-installed\" style=\"display: none;\">2.15.1.0<\/div>\n<div id=\"sconnect-is-installed\" style=\"display: none;\">2.15.1.0<\/div>\n<div id=\"sconnect-is-installed\" style=\"display: none;\">2.15.1.0<\/div>\n<div id=\"sconnect-is-installed\" style=\"display: none;\">2.15.1.0<\/div>\n<div id=\"sconnect-is-installed\" style=\"display: none;\">2.15.1.0<\/div>\n<div id=\"sconnect-is-installed\" style=\"display: none;\">2.15.1.0<\/div>\n<div id=\"sconnect-is-installed\" style=\"display: none;\">2.15.1.0<\/div>\n<div id=\"sconnect-is-installed\" style=\"display: none;\">2.15.1.0<\/div>\n<div id=\"sconnect-is-installed\" style=\"display: none;\">2.15.1.0<\/div>\n<div id=\"sconnect-is-installed\" style=\"display: none;\">2.15.1.0<\/div>\n<div id=\"sconnect-is-installed\" style=\"display: none;\">2.15.1.0<\/div>\n<div id=\"sconnect-is-installed\" style=\"display: none;\">2.15.1.0<\/div>\n<div id=\"sconnect-is-installed\" style=\"display: none;\">2.15.1.0<\/div>\n<div id=\"sconnect-is-installed\" style=\"display: none;\">2.15.1.0<\/div>\n<div id=\"sconnect-is-installed\" style=\"display: none;\">2.15.1.0<\/div>\n<div id=\"sconnect-is-installed\" style=\"display: none;\">2.15.1.0<\/div>\n<div id=\"sconnect-is-installed\" style=\"display: none;\">2.15.1.0<\/div>\n<div id=\"sconnect-is-installed\" style=\"display: none;\">2.15.1.0<\/div>\n<div id=\"sconnect-is-installed\" style=\"display: none;\">2.15.1.0<\/div>\n<div id=\"sconnect-is-installed\" style=\"display: none;\">2.15.1.0<\/div>\n<div id=\"sconnect-is-installed\" style=\"display: none;\">2.15.1.0<\/div>\n<div id=\"sconnect-is-installed\" style=\"display: none;\">2.15.1.0<\/div>\n<div id=\"sconnect-is-installed\" style=\"display: none;\">2.15.1.0<\/div>\n<div id=\"sconnect-is-installed\" style=\"display: none;\">2.15.1.0<\/div>\n<div id=\"sconnect-is-installed\" style=\"display: none;\">2.15.1.0<\/div>\n<div id=\"sconnect-is-installed\" style=\"display: none;\">2.15.1.0<\/div>\n<div id=\"sconnect-is-installed\" style=\"display: none;\">2.15.1.0<\/div>\n<div id=\"sconnect-is-installed\" style=\"display: none;\">2.15.1.0<\/div>\n<div id=\"sconnect-is-installed\" style=\"display: none;\">2.15.1.0<\/div>\n<div id=\"sconnect-is-installed\" style=\"display: none;\">2.15.1.0<\/div>\n<div id=\"sconnect-is-installed\" style=\"display: none;\">2.15.1.0<\/div>\n<div id=\"sconnect-is-installed\" style=\"display: none;\">2.15.1.0<\/div>\n<div id=\"sconnect-is-installed\" style=\"display: none;\">2.15.1.0<\/div>\n<div id=\"sconnect-is-installed\" style=\"display: none;\">2.15.1.0<\/div>\n<div id=\"sconnect-is-installed\" style=\"display: none;\">2.15.1.0<\/div>\n","protected":false},"excerpt":{"rendered":"<p>Suite \u00e0 la r\u00e9union du 30 mars concernant l&rsquo;atelier jeux de soci\u00e9t\u00e9 ; deux de nos adh\u00e9rents se sont propos\u00e9s afin de nous aider \u00e0 relancer cet atelier. Dans un premier temps nous vous proposons le vendredi apr\u00e8s-midi ;\u00a0 n&rsquo;h\u00e9sitez&#8230; <a href=\"https:\/\/www.lebelage.fr\/\" class=\"readmore\">Read more<span class=\"screen-reader-text\">ACCUEIL<\/span><span class=\"fa fa-angle-double-right\" aria-hidden=\"true\"><\/span><\/a><\/p>\n","protected":false},"author":1,"featured_media":0,"parent":0,"menu_order":0,"comment_status":"closed","ping_status":"closed","template":"","meta":{"footnotes":""},"class_list":["post-13","page","type-page","status-publish","hentry"],"_links":{"self":[{"href":"https:\/\/www.lebelage.fr\/index.php\/wp-json\/wp\/v2\/pages\/13","targetHints":{"allow":["GET"]}}],"collection":[{"href":"https:\/\/www.lebelage.fr\/index.php\/wp-json\/wp\/v2\/pages"}],"about":[{"href":"https:\/\/www.lebelage.fr\/index.php\/wp-json\/wp\/v2\/types\/page"}],"author":[{"embeddable":true,"href":"https:\/\/www.lebelage.fr\/index.php\/wp-json\/wp\/v2\/users\/1"}],"replies":[{"embeddable":true,"href":"https:\/\/www.lebelage.fr\/index.php\/wp-json\/wp\/v2\/comments?post=13"}],"version-history":[{"count":122,"href":"https:\/\/www.lebelage.fr\/index.php\/wp-json\/wp\/v2\/pages\/13\/revisions"}],"predecessor-version":[{"id":996,"href":"https:\/\/www.lebelage.fr\/index.php\/wp-json\/wp\/v2\/pages\/13\/revisions\/996"}],"wp:attachment":[{"href":"https:\/\/www.lebelage.fr\/index.php\/wp-json\/wp\/v2\/media?parent=13"}],"curies":[{"name":"wp","href":"https:\/\/api.w.org\/{rel}","templated":true}]}}